mber?
False
Suppose 43*a - 15*a - 38803765 = 73092495. Is a a composite number?
True
Let z = 230584 + 888826. Is z/434 - 2/7 a composite number?
False
Let i = -59 + 59. Suppose 7*j - 5*j - 2 = i. Is (4 - j - -122) + -3 a prime number?
False
Let b = -7741 - -38874. Suppose -b - 13169 = -17*w. Is w composite?
True
Let j(c) = -c - 2. Let z(o) = -86*o - 51. Let w(m) = -2*j(m) + z(m). Let h(s) = s**3. Let f be h(-3). Is w(f) a composite number?
False
Let z(r) = 0*r - r**2 + 685 - r - 7 + 0*r**2. Let x be z(0). Suppose 7*i - x = i. Is i a composite number?
False
Let o be 80/14 + 136/476. Is 1/4 + 30405*o/40 a composite number?
False
Let w(o) = 6095*o - 682. Is w(3) a composite number?
True
Let j(w) = -184438*w**3 - 3*w**2 - 122*w - 122. Is j(-1) a prime number?
False
Suppose -b + d = -7, 4*d - 8 + 27 = b. Suppose 7*r - b*r - 13196 = 0. Is r composite?
False
Let c(v) = v**3 + 46*v**2 - 49*v - 81. Let u be c(-47). Suppose -4*p = -2*q - 9904, u*p + 4*q + 9900 = 17*p. Is p a prime number?
True
Let w(c) = -85*c**3 - 11*c**2 - 35*c - 221. Is w(-10) prime?
False
Let r(h) = -90*h**2 - 9*h - 8. Let w be r(8). Is (36/36 + 0 + w)*-1 prime?
True
Let o(m) = -50*m**3 + m**2 - 2*m - 5. Suppose -12*p + 25 + 35 = 0. Suppose p*x - 3*z = 2*z - 35, -20 = -4*z. Is o(x) a prime number?
False
Let m(u) = -263968*u**3 - 9*u**2 - 17*u - 7. Is m(-1) a composite number?
True
Let s = 1406 - 933. Suppose -4*f + 796 = 100. Let q = s - f. Is q a composite number?
True
Let f(b) = 2*b**2 - 16*b + 4. Let j be f(8). Let a be 7/(j + -3 + 0). Let y(r) = 79*r - 12. Is y(a) composite?
False
Let c(a) be the second derivative of -5*a**5/2 + a**4/3 - a**3/6 + 3*a**2/2 + 16*a. Suppose 4*i = 8*i + 16. Is c(i) composite?
False
Let a(i) = -6*i**3 - 3*i**2 + i + 8. Let r(y) = 19*y**3 + 10*y**2 - 3*y - 25. Let s(d) = -8*a(d) - 3*r(d). Is s(-6) a composite number?
False
Let q(h) = 326*h**3 - 8. Let p(z) = 653*z**3 + z**2 - z - 16. Let b(g) = -3*p(g) + 5*q(g). Let i be b(-2). Suppose 185 = -u + i. Is u a prime number?
True
Suppose -9*z + 33 = 2*z. Suppose 5*y - z = w, -y + 16 = -2*w + 1. Is -2 - 32886/(-24) - 6/w a composite number?
True
Let d be (-1 - 1) + 29/(-1). Let w(b) = b**2 - 16*b + 22. Let k be w(10). Let l = d - k. Is l a composite number?
False
Let u be 44/12*-3*(1 + -51). Suppose u*y - 4373 = 549*y. Is y a composite number?
False
Let s(q) = -11*q**3 - q**2 - 27*q + 1. Let z = -397 + 391. Is s(z) prime?
True
Is (-103)/((-5356)/43998968) - (-2 - (2 - 1)) composite?
False
Suppose -5*o + 407565 = -5*s, -48*o - 5*s = -43*o - 407525. Is o prime?
True
Suppose 2*n = 4*c - 2, 23 = 3*n + 2*c + 2. Suppose -1513 - 2326 = -t - n*q, -3*t + 3*q = -11517. Is t composite?
True
Let w = -2182 - -3683. Suppose 1668 + w = s - 2*j, -5*j = 3*s - 9529. Is s a prime number?
False
Let p(c) = c**3 + 20*c**2 + 1. Suppose 2*x - 8 = 0, -3*h + 80 = -8*h - 5*x. Let v be p(h). Is (15 - -503) + (v - (0 + -2)) a composite number?
False
Is 16/(7 - 3)*(-1097195)/(-220) composite?
False
Suppose -4*j - r - 21 = 0, 0 = -3*j + 2*r + 23 - 36. Is ((-251)/(-10))/(5/(-10))*j prime?
True
Suppose -11*u - 111 = -8*u. Let a = -32 - u. Suppose 2*r + 3*p - 500 = 0, 73 - 557 = -2*r + a*p. Is r prime?
False
Is (-185221)/(-4) + -4 + (-12)/48 prime?
True
Let h = 11458 + 598. Suppose 23*p + h = 31*p. Is p a prime number?
False
Suppose -17*l + 7*l + 7*l = 0. Suppose -32*d - 17232 + 58352 = l. Is d a prime number?
False
Suppose -2*g - 4*x + 56 = 0, 47 = 5*g + 3*x - 65. Suppose g*j = -14*j + 949994. Is j a prime number?
True
Let m = -90243 + 131396. Is m a prime number?
False
Suppose 741507 = 96*x - 57*x. Is x prime?
True
Let b = 25 + -22. Suppose -3*x - 167 = j, 7*j + 638 = b*j - 2*x. Let o = 223 + j. Is o a composite number?
True
Let o = -87 - -72. Is -1754*(o/6 - -2) prime?
True
Let y(v) = 3*v**3 - 13*v**2 - 7*v - 10. Let p be 3 + -2 - (-2 - 7). Suppose -p*r - 22 = -12*r. Is y(r) prime?
True
Is (-37244)/2*-1*20919/2202 a prime number?
False
Let m(k) = -713*k + 207*k + 10 + 5. Suppose 3 = -h - 2. Is m(h) a composite number?
True
Let z(p) = -p**2 + 9*p + 7. Let x be z(9). Let u = x - 1. Suppose 3*h = -u, -3*h + 2078 = f + 3*f. Is f composite?
False
Suppose -472*c = -398*c - 5555846. Is c a prime number?
True
Suppose 0 = 3*r + 19 - 19. Suppose 0 = -0*o - r*o + o. Let k(f) = f**2 - 4*f + 907. Is k(o) prime?
True
Suppose 1321*z = 1311*z + 463180. Is z a prime number?
False
Let l(t) = 5*t**2 + 50*t + 3. Let u be l(7). Suppose -2*q + 756 = -u. Is q prime?
True
Suppose 16*s - 11*s - 4*j = 30, 5 = 5*s + j. Is -3*s/(-4)*173530/555 composite?
True
Let l(y) = 4*y**2 + y + 19. Let d(b) = 8*b**2 + 3*b + 37. Let f(w) = -6*d(w) + 13*l(w). Let r be f(-16). Suppose 390 - r = -n. Is n composite?
False
Suppose 5*k + 569836 = 13*k - 4*k. Is k prime?
False
Let p(h) = 60*h**3 - 22*h**2 + 27*h + 6. Is p(19) a prime number?
False
Let g be ((-33)/(-3) + 2)/(19 + -20). Let d(u) = -5*u**2 - 113*u + 11. Is d(g) a prime number?
False
Let h = 17442 - 11065. Is h a composite number?
True
Let y be 4/10 - (5 + (-228)/30). Suppose 2*w - 7666 = -3*o, -3*w + y*o = 8*o - 11499. Is w composite?
False
Let t = -135918 - -199025. Is t composite?
True
Suppose -8*a = -42 - 22. Is (6712/(-8))/((-4)/a) prime?
False
Suppose 1814407 - 1367711 = 15*s - 1734169. Is s a composite number?
False
Let u be -4*(-6 - 92/(-16)). Is (-911)/((u + 0)*-1) composite?
False
Is (24/16)/((-7)/(28219086/(-27))) prime?
False
Let c be 132105/(-13) - 29/377. Suppose -3*o + 17715 = -4*l, 0 = 4*l - l - o + 13290. Let r = l - c. Is r composite?
True
Let z(d) = -782*d + 1729. Is z(-12) a composite number?
False
Suppose 12 = b - 5*z + 1, -11 = 5*b - 3*z. Let k(n) = -125*n - 1. Let j be k(b). Suppose -3*t + j = -2*t. Is t a prime number?
True
Suppose -15*t - 214 = -4. Let s(y) = -543*y + 187. Is s(t) composite?
False
Suppose 1398897 = 9*m + 346842. Suppose 15*s - m = 35850. Is s prime?
False
Let w = -861380 - -1268161. Is w composite?
True
Is 3037400/12 + 25/75 composite?
True
Let r = 54798 + -34475. Is r a composite number?
False
Let r(v) = 54168*v**2 + 264*v - 265. Is r(1) composite?
False
Let w(s) = 10*s**2 - 9*s + 2. Let j be w(10). Suppose 8*v + 566 = -4402. Let n = v + j. Is n prime?
False
Let h = 945362 + -550663. Is h prime?
True
Suppose -84*y + 8615192 = 52*y. Is y composite?
False
Let f(k) = 4*k**2 - 6*k - 1. Let b be f(5). Suppose -b - 243 = 6*n. Is (-19162)/n + 3/(-2) prime?
True
Let b = 314 - 310. Suppose 6*o = 7*o - t - 1439, -4*o - b*t + 5756 = 0. Is o a composite number?
False
Let b = 198630 + -63311. Is b a prime number?
True
Let m(y) = -24 - 8 - 4 + 4*y**2 - 6*y - 13. Is m(30) prime?
True
Let y = 2142 + -2302. Let h be ((-25)/2)/(2/(-68)). Let k = y + h. Is k a prime number?
False
Suppose i - 584640 = -5*i. Suppose -t = -v - 19484, 25*t - 20*t + 5*v = i. Is t a prime number?
False
Let c = -14 - 58. Let j be (33 + -40)*(c/(-14))/(-1). Suppose -3*n - j = -5*y - 1263, 1636 = 4*n + 3*y. Is n a prime number?
True
Let v(p) = -11*p**2 - 59*p - 65. Let m(f) = 18*f**2 + 119*f + 131. Let b(j) = -4*m(j) - 7*v(j). Is b(39) a composite number?
True
Let h = -5719 + 8196. Suppose -h = 2*y - 25263. Is y prime?
True
Let s be 0 + (2 + -3 - -3). Let q be 25980/34 + s/(-17). Let m = -427 + q. Is m a composite number?
False
Let x(c) = -6*c**2 + 65*c + 28. Let d be x(11). Let i(y) be the first derivative of y**4/4 - 14*y**3/3 - 6*y**2 + 10*y - 1. Is i(d) composite?
False
Let z(k) = -k**3 - 17*k**2 + 12*k + 6. Let h(f) = -f**2 + 13*f - 18. Let j be h(13). Let v be z(j). Is 8/(5 - 1) - v/(-2) a composite number?
False
Let x = 30 + -4. Suppose -20*m - 762 = -x*m. Is m a composite number?
False
Let o(l) = 17*l**2 - 15*l - 13. Let n be o(12). Suppose 2*b + n = 7*b. Let w = 866 - b. Is w prime?
False
Suppose -66896 = 8*m - 22480. Let n = -3217 - m. Is n prime?
False
Let i be 26/4*-2*3. Let c = 274 - 182. Let q = c + i. Is q a composite number?
False
Is 1013606 + (-9 + 6 - 0) prime?
True
Suppose -457794 = 39*p - 1586075 - 2430898. Is p composite?
True
Let m = -60694 + 142493. Is m a composite number?
False
Suppose 2*d + 99 = -11. Let i = -48 - d. Suppose -3*z + i*z - 844 = 0. Is z a composite number?
False
Let o = 497 + 254. Is o a composite number?
False
Suppose 183*w - 191*w + 1138552 = 0. Is w prime?
True
Let q(d) be th